{"id":107,"date":"2020-03-06T03:44:24","date_gmt":"2020-03-06T03:44:24","guid":{"rendered":"https:\/\/fundicioneslevante.com\/?page_id=107"},"modified":"2026-02-17T12:59:53","modified_gmt":"2026-02-17T12:59:53","slug":"pintura","status":"publish","type":"page","link":"https:\/\/fundicioneslevante.com\/?page_id=107","title":{"rendered":"Pintura"},"content":{"rendered":"\t\t<div data-elementor-type=\"wp-page\" data-elementor-id=\"107\" class=\"elementor elementor-107\">\n\t\t\t\t\t\t<section class=\"elementor-section elementor-top-section elementor-element elementor-element-51ea3e20 elementor-section-boxed elementor-section-height-default elementor-section-height-default\" data-id=\"51ea3e20\" data-element_type=\"section\" data-e-type=\"section\">\n\t\t\t\t\t\t<div class=\"elementor-container elementor-column-gap-default\">\n\t\t\t\t\t<div class=\"elementor-column elementor-col-100 elementor-top-column elementor-element elementor-element-67d711ac\" data-id=\"67d711ac\" data-element_type=\"column\" data-e-type=\"column\">\n\t\t\t<div class=\"elementor-widget-wrap elementor-element-populated\">\n\t\t\t\t\t\t<div class=\"elementor-element elementor-element-c3d99ee elementor-widget__width-initial elementor-widget elementor-widget-image\" data-id=\"c3d99ee\" data-element_type=\"widget\" data-e-type=\"widget\" data-widget_type=\"image.default\">\n\t\t\t\t<div class=\"elementor-widget-container\">\n\t\t\t\t\t\t\t\t\t\t\t\t\t\t\t<img fetchpriority=\"high\" decoding=\"async\" width=\"1024\" height=\"683\" src=\"https:\/\/fundicioneslevante.com\/wp-content\/uploads\/2020\/03\/Trabajo-taller-56-Mediano-1024x683.jpg\" class=\"attachment-large size-large wp-image-87\" alt=\"\" srcset=\"https:\/\/fundicioneslevante.com\/wp-content\/uploads\/2020\/03\/Trabajo-taller-56-Mediano-1024x683.jpg 1024w, https:\/\/fundicioneslevante.com\/wp-content\/uploads\/2020\/03\/Trabajo-taller-56-Mediano-300x200.jpg 300w, https:\/\/fundicioneslevante.com\/wp-content\/uploads\/2020\/03\/Trabajo-taller-56-Mediano-768x512.jpg 768w, https:\/\/fundicioneslevante.com\/wp-content\/uploads\/2020\/03\/Trabajo-taller-56-Mediano-750x500.jpg 750w, https:\/\/fundicioneslevante.com\/wp-content\/uploads\/2020\/03\/Trabajo-taller-56-Mediano-1140x760.jpg 1140w, https:\/\/fundicioneslevante.com\/wp-content\/uploads\/2020\/03\/Trabajo-taller-56-Mediano.jpg 1152w\" sizes=\"(max-width: 1024px) 100vw, 1024px\" \/>\t\t\t\t\t\t\t\t\t\t\t\t\t\t\t<\/div>\n\t\t\t\t<\/div>\n\t\t\t\t<div class=\"elementor-element elementor-element-1c5d5681 elementor-widget elementor-widget-text-editor\" data-id=\"1c5d5681\" data-element_type=\"widget\" data-e-type=\"widget\" data-widget_type=\"text-editor.default\">\n\t\t\t\t<div class=\"elementor-widget-container\">\n\t\t\t\t\t\t\t\t\t<p data-start=\"127\" data-end=\"357\"><br><\/p><p data-start=\"127\" data-end=\"357\"><br><\/p><p data-start=\"127\" data-end=\"357\">Nuestras instalaciones de pintura est\u00e1n equipadas con una <strong data-start=\"185\" data-end=\"207\">cabina polivalente<\/strong>, capaz de aplicar tanto <strong data-start=\"232\" data-end=\"251\">pintura l\u00edquida<\/strong> \u2014ya sea monocomponente o bicomponente\u2014 como <strong data-start=\"296\" data-end=\"316\">pintura en polvo<\/strong>, independientemente de su composici\u00f3n.<\/p>\n<p data-start=\"359\" data-end=\"745\">La combinaci\u00f3n de nuestra <strong data-start=\"385\" data-end=\"425\">experiencia y conocimientos t\u00e9cnicos<\/strong> nos permite ofrecer acabados de alta calidad, manteniendo una excelente competitividad en costes frente a otras firmas del sector. Para garantizar resultados \u00f3ptimos, colaboramos con <strong data-start=\"609\" data-end=\"634\">laboratorios externos<\/strong> que asesoran tanto a nuestro equipo como a nuestros clientes en la selecci\u00f3n y validaci\u00f3n de recubrimientos.<\/p>\n<p data-start=\"747\" data-end=\"1015\">Disponemos de un <strong data-start=\"764\" data-end=\"808\">tren de transporte de velocidad variable<\/strong>, equipado con un sistema vers\u00e1til de gancheras y bastidores que se adapta a la morfolog\u00eda de cada pieza. De esta manera, estudiamos cuidadosamente cada aplicaci\u00f3n para obtener el mejor acabado solicitado.<\/p>\n<p data-start=\"1017\" data-end=\"1385\">Nuestro <strong data-start=\"1025\" data-end=\"1044\">horno de secado<\/strong> de cicl\u00f3n cerrado combina alta potencia con un sistema de chorro suave, boca estrecha y cortina de mantenimiento por cicl\u00f3n invertido. Este equipo alcanza temperaturas de hasta <strong data-start=\"1222\" data-end=\"1249\">230 \u00b0C de corte directo<\/strong>, asegurando una distribuci\u00f3n t\u00e9rmica uniforme en todos los \u00e1ngulos y dimensiones, y evitando cualquier alteraci\u00f3n durante el proceso.<\/p>\n<p data-start=\"1387\" data-end=\"1569\">Gracias a esta tecnolog\u00eda, podemos pintar <strong data-start=\"1429\" data-end=\"1491\">cualquier tipo de material met\u00e1lico y en cualquier espesor<\/strong>, garantizando siempre un acabado superficial homog\u00e9neo y de m\u00e1xima calidad.<\/p>\t\t\t\t\t\t\t\t<\/div>\n\t\t\t\t<\/div>\n\t\t\t\t\t<\/div>\n\t\t<\/div>\n\t\t\t\t\t<\/div>\n\t\t<\/section>\n\t\t\t\t<\/div>\n\t\t","protected":false},"excerpt":{"rendered":"<p>Nuestras instalaciones de pintura est\u00e1n equipadas con una cabina polivalente, capaz de aplicar tanto pintura l\u00edquida \u2014ya sea monocomponente o [&hellip;]<\/p>\n","protected":false},"author":1,"featured_media":0,"parent":0,"menu_order":0,"comment_status":"closed","ping_status":"closed","template":"","meta":{"_exactmetrics_skip_tracking":false,"_exactmetrics_sitenote_active":false,"_exactmetrics_sitenote_note":"","_exactmetrics_sitenote_category":0,"site-sidebar-layout":"default","site-content-layout":"","ast-site-content-layout":"default","site-content-style":"default","site-sidebar-style":"default","ast-global-header-display":"","ast-banner-title-visibility":"","ast-main-header-display":"","ast-hfb-above-header-display":"","ast-hfb-below-header-display":"","ast-hfb-mobile-header-display":"","site-post-title":"disabled","ast-breadcrumbs-content":"","ast-featured-img":"","footer-sml-layout":"","ast-disable-related-posts":"","theme-transparent-header-meta":"","adv-header-id-meta":"","stick-header-meta":"","header-above-stick-meta":"","header-main-stick-meta":"","header-below-stick-meta":"","astra-migrate-meta-layouts":"default","ast-page-background-enabled":"default","ast-page-background-meta":{"desktop":{"background-color":"var(--ast-global-color-5)","background-image":"","background-repeat":"repeat","background-position":"center center","background-size":"auto","background-attachment":"scroll","background-type":"","background-media":"","overlay-type":"","overlay-color":"","overlay-opacity":"","overlay-gradient":""},"tablet":{"background-color":"","background-image":"","background-repeat":"repeat","background-position":"center center","background-size":"auto","background-attachment":"scroll","background-type":"","background-media":"","overlay-type":"","overlay-color":"","overlay-opacity":"","overlay-gradient":""},"mobile":{"background-color":"","background-image":"","background-repeat":"repeat","background-position":"center center","background-size":"auto","background-attachment":"scroll","background-type":"","background-media":"","overlay-type":"","overlay-color":"","overlay-opacity":"","overlay-gradient":""}},"ast-content-background-meta":{"desktop":{"background-color":"var(--ast-global-color-4)","background-image":"","background-repeat":"repeat","background-position":"center center","background-size":"auto","background-attachment":"scroll","background-type":"","background-media":"","overlay-type":"","overlay-color":"","overlay-opacity":"","overlay-gradient":""},"tablet":{"background-color":"var(--ast-global-color-4)","background-image":"","background-repeat":"repeat","background-position":"center center","background-size":"auto","background-attachment":"scroll","background-type":"","background-media":"","overlay-type":"","overlay-color":"","overlay-opacity":"","overlay-gradient":""},"mobile":{"background-color":"var(--ast-global-color-4)","background-image":"","background-repeat":"repeat","background-position":"center center","background-size":"auto","background-attachment":"scroll","background-type":"","background-media":"","overlay-type":"","overlay-color":"","overlay-opacity":"","overlay-gradient":""}},"footnotes":""},"class_list":["post-107","page","type-page","status-publish","hentry"],"jetpack_sharing_enabled":true,"_links":{"self":[{"href":"https:\/\/fundicioneslevante.com\/index.php?rest_route=\/wp\/v2\/pages\/107","targetHints":{"allow":["GET"]}}],"collection":[{"href":"https:\/\/fundicioneslevante.com\/index.php?rest_route=\/wp\/v2\/pages"}],"about":[{"href":"https:\/\/fundicioneslevante.com\/index.php?rest_route=\/wp\/v2\/types\/page"}],"author":[{"embeddable":true,"href":"https:\/\/fundicioneslevante.com\/index.php?rest_route=\/wp\/v2\/users\/1"}],"replies":[{"embeddable":true,"href":"https:\/\/fundicioneslevante.com\/index.php?rest_route=%2Fwp%2Fv2%2Fcomments&post=107"}],"version-history":[{"count":11,"href":"https:\/\/fundicioneslevante.com\/index.php?rest_route=\/wp\/v2\/pages\/107\/revisions"}],"predecessor-version":[{"id":521,"href":"https:\/\/fundicioneslevante.com\/index.php?rest_route=\/wp\/v2\/pages\/107\/revisions\/521"}],"wp:attachment":[{"href":"https:\/\/fundicioneslevante.com\/index.php?rest_route=%2Fwp%2Fv2%2Fmedia&parent=107"}],"curies":[{"name":"wp","href":"https:\/\/api.w.org\/{rel}","templated":true}]}}